
What is the hundred thousands digit of 235733430?
7
What is the units digit of 184616049?
9
What is the thousands digit of 38349360?
9
What is the tens digit of 15948798?
9
What is the ten millions digit of 643241055?
4
What is the ten millions digit of 255833080?
5
What is the hundreds digit of 603754800?
8
What is the units digit of 66264993?
3
What is the hundred thousands digit of 4166056522?
0
What is the hundreds digit of 57486159?
1
What is the millions digit of 80886390?
0
What is the millions digit of 41905145?
1
What is the millions digit of 5597025352?
7
What is the ten thousands digit of 1019699279?
9
What is the tens digit of 5076890689?
8
What is the hundreds digit of 960362291?
2
What is the ten thousands digit of 44941453?
4
What is the thousands digit of 41243224?
3
What is the hundred millions digit of 133404239?
1
What is the thousands digit of 96614994?
4
What is the ten millions digit of 231620740?
3
What is the hundred thousands digit of 971132348?
1
What is the hundreds digit of 56108827?
8
What is the tens digit of 86494397?
9
What is the thousands digit of 753635671?
5
What is the ten millions digit of 1971413454?
7
What is the tens digit of 255952250?
5
What is the units digit of 52795499?
9
What is the thousands digit of 8761230?
1
What is the units digit of 1057455?
5
What is the millions digit of 628514781?
8
What is the units digit of 2677525129?
9
What is the units digit of 66249898?
8
What is the tens digit of 694632457?
5
What is the hundred millions digit of 904055348?
9
What is the millions digit of 42134646?
2
What is the ten millions digit of 1433862183?
3
What is the ten thousands digit of 578089394?
8
What is the ten thousands digit of 45131608?
3
What is the units digit of 164274997?
7
What is the hundred thousands digit of 12434593?
4
What is the units digit of 3735862591?
1
What is the ten thousands digit of 207660763?
6
What is the units digit of 607618335?
5
What is the thousands digit of 219098127?
8
What is the hundreds digit of 425341049?
0
What is the hundred millions digit of 5618201548?
6
What is the thousands digit of 454948089?
8
What is the hundred thousands digit of 23115768?
1
What is the ten millions digit of 400452655?
0
What is the tens digit of 59080649?
4
What is the ten millions digit of 8194719099?
9
What is the thousands digit of 19340281?
0
What is the units digit of 1175575600?
0
What is the hundred millions digit of 499358329?
4
What is the ten thousands digit of 40918689?
1
What is the ten thousands digit of 82545330?
4
What is the ten millions digit of 26247100?
2
What is the billions digit of 1139065473?
1
What is the ten thousands digit of 168883084?
8
What is the tens digit of 741203333?
3
What is the ten thousands digit of 2428133755?
3
What is the hundred millions digit of 109714503?
1
What is the ten thousands digit of 16897990?
9
What is the units digit of 637448153?
3
What is the millions digit of 724647445?
4
What is the ten millions digit of 98261522?
9
What is the ten millions digit of 4887329917?
8
What is the hundred millions digit of 106859389?
1
What is the tens digit of 269973337?
3
What is the thousands digit of 50733451?
3
What is the hundred thousands digit of 351429502?
4
What is the millions digit of 1096063887?
6
What is the tens digit of 151660187?
8
What is the hundred thousands digit of 548311217?
3
What is the hundred thousands digit of 162033955?
0
What is the tens digit of 3455311129?
2
What is the thousands digit of 3513689525?
9
What is the hundred thousands digit of 1057813196?
8
What is the hundreds digit of 84797206?
2
What is the hundred millions digit of 192950714?
1
What is the units digit of 587146808?
8
What is the units digit of 131162684?
4
What is the millions digit of 76328093?
6
What is the ten thousands digit of 446646737?
4
What is the units digit of 5995442?
2
What is the hundred thousands digit of 359497349?
4
What is the hundred thousands digit of 534635329?
6
What is the ten thousands digit of 57998999?
9
What is the hundred millions digit of 1007729100?
0
What is the thousands digit of 1536271362?
1
What is the tens digit of 3273461469?
6
What is the units digit of 4682458100?
0
What is the hundred millions digit of 3160411966?
1
What is the hundred millions digit of 1799532641?
7
What is the hundred thousands digit of 34117329?
1
What is the units digit of 219723423?
3
What is the hundred thousands digit of 192261206?
2
What is the hundreds digit of 908199393?
3
What is the billions digit of 6907993125?
6
What is the hundreds digit of 2718120313?
3
What is the ten thousands digit of 1660945453?
4
What is the hundred thousands digit of 771384178?
3
What is the hundred thousands digit of 5226841?
2
What is the thousands digit of 283192539?
2
What is the tens digit of 8102531063?
6
What is the ten millions digit of 153351495?
5
What is the hundred millions digit of 866754446?
8
What is the hundred millions digit of 1563768658?
5
What is the tens digit of 54309709?
0
What is the thousands digit of 65675137?
5
What is the billions digit of 2662612234?
2
What is the tens digit of 29708920?
2
What is the hundred millions digit of 4064151653?
0
What is the ten thousands digit of 1521616215?
1
What is the hundred millions digit of 592045904?
5
What is the units digit of 631733537?
7
What is the millions digit of 1021776783?
1
What is the thousands digit of 86615654?
5
What is the ten thousands digit of 4688262837?
6
What is the ten millions digit of 414215894?
1
What is the hundred millions digit of 675097332?
6
What is the hundreds digit of 186104445?
4
What is the thousands digit of 5838921?
8
What is the ten thousands digit of 48624413?
2
What is the thousands digit of 169271073?
1
What is the hundred thousands digit of 5125068623?
0
What is the hundreds digit of 262775423?
4
What is the ten millions digit of 30675913?
3
What is the millions digit of 31095533?
1
What is the ten millions digit of 214134264?
1
What is the units digit of 252272725?
5
What is the ten thousands digit of 11320522?
2
What is the ten thousands digit of 63391663?
9
What is the millions digit of 70086753?
0
What is the hundred millions digit of 3976711242?
9
What is the hundreds digit of 77727993?
9
What is the hundred thousands digit of 85366775?
3
What is the hundred millions digit of 1386157967?
3
What is the hundreds digit of 233420998?
9
What is the hundred thousands digit of 542769848?
7
What is the hundred thousands digit of 217227191?
2
What is the tens digit of 294419920?
2
What is the ten millions digit of 26831908?
2
What is the units digit of 415750712?
2
What is the tens digit of 96425381?
8
What is the thousands digit of 1625458119?
8
What is the ten thousands digit of 2051122708?
2
What is the ten millions digit of 2437837601?
3
What is the units digit of 33793131?
1
What is the hundred thousands digit of 92988705?
9
What is the millions digit of 77888911?
7
What is the millions digit of 30628591?
0
What is the ten thousands digit of 254007686?
0
What is the ten thousands digit of 2586739754?
3
What is the units digit of 453824616?
6
What is the ten millions digit of 3092129822?
9
What is the millions digit of 20669034?
0
What is the ten thousands digit of 159813266?
1
What is the millions digit of 97211467?
7
What is the ten thousands digit of 16581090?
8
What is the hundreds digit of 44668966?
9
What is the ten millions digit of 56082602?
5
What is the billions digit of 1484972742?
1
What is the billions digit of 1152369130?
1
What is the ten millions digit of 1753342493?
5
What is the ten thousands digit of 34389433?
8
What is the units digit of 513703079?
9
What is the ten thousands digit of 273349653?
4
What is the tens digit of 9897758?
5
What is the ten millions digit of 3414942262?
1
What is the billions digit of 3992178569?
3
What is the tens digit of 60344196?
9
What is the units digit of 295916466?
6
What is the units digit of 290436763?
3
What is the tens digit of 815357213?
1
What is the units digit of 178729982?
2
What is the hundred thousands digit of 102959242?
9
What is the ten thousands digit of 2703404366?
0
What is the tens digit of 119136593?
9
What is the tens digit of 19454909?
0
What is the ten thousands digit of 2